mon divisor of 36270 and 1248.
78
Calculate the greatest common factor of 1501 and 14.
1
What is the greatest common divisor of 102870 and 324?
162
Calculate the highest common factor of 26643 and 498.
249
What is the greatest common divisor of 6572 and 7037?
31
What is the greatest common divisor of 142 and 272072?
142
What is the highest common factor of 5829 and 469?
67
What is the greatest common factor of 171 and 118665?
9
Calculate the greatest common divisor of 44892 and 10440.
1044
Calculate the highest common factor of 533628 and 183.
183
What is the highest common factor of 452 and 4699670?
226
What is the highest common divisor of 84 and 32484?
12
Calculate the greatest common divisor of 4958 and 17464.
74
Calculate the greatest common factor of 464 and 120816.
16
Calculate the highest common divisor of 440 and 13871.
11
What is the greatest common factor of 192 and 18652?
4
What is the greatest common divisor of 42 and 476?
14
What is the greatest common divisor of 8576 and 4958?
134
What is the highest common factor of 3128 and 2998188?
1564
Calculate the highest common factor of 280 and 9311400.
280
What is the greatest common factor of 69 and 444?
3
What is the highest common factor of 99 and 30627?
9
What is the highest common divisor of 179215 and 365?
365
What is the highest common divisor of 12 and 176676?
12
Calculate the highest common divisor of 501 and 1045587.
501
What is the highest common divisor of 5520 and 4380?
60
Calculate the highest common factor of 195957 and 9.
9
What is the highest common divisor of 14973 and 73577?
161
Calculate the highest common divisor of 123322 and 313.
313
Calculate the greatest common factor of 2897184 and 192.
96
What is the greatest common factor of 15792 and 549759?
987
What is the highest common factor of 43 and 874663?
43
What is the greatest common divisor of 1314 and 126?
18
What is the greatest common factor of 45185 and 497?
7
What is the greatest common divisor of 35616 and 41496?
168
Calculate the greatest common factor of 6808 and 502312.
296
What is the greatest common divisor of 3991 and 307?
307
What is the greatest common divisor of 1367 and 167?
1
What is the highest common factor of 924 and 40491?
33
Calculate the highest common factor of 2966960 and 160.
80
Calculate the greatest common factor of 30688 and 406.
14
Calculate the greatest common divisor of 5382674 and 22.
22
Calculate the highest common factor of 332323 and 1756.
439
Calculate the greatest common divisor of 76759 and 177.
59
What is the highest common factor of 20468 and 3026?
34
What is the greatest common divisor of 741 and 7319104?
247
What is the greatest common divisor of 49 and 10395?
7
Calculate the greatest common factor of 118 and 84311.
59
What is the highest common factor of 150911 and 229?
229
What is the greatest common divisor of 7182 and 2478?
42
What is the greatest common divisor of 3882 and 96?
6
Calculate the highest common factor of 13912 and 1036.
148
What is the highest common divisor of 55952 and 3328?
208
Calculate the highest common divisor of 3350 and 3645.
5
What is the greatest common factor of 19573 and 15341?
529
What is the greatest common divisor of 419004 and 30591?
927
Calculate the greatest common divisor of 70240 and 928.
32
Calculate the greatest common divisor of 17102 and 2346.
34
Calculate the greatest common divisor of 911 and 3089201.
911
What is the greatest common factor of 6864 and 19632?
48
Calculate the highest common factor of 37640 and 400.
40
Calculate the greatest common factor of 1001 and 3157.
77
Calculate the highest common factor of 18 and 732429.
9
What is the greatest common factor of 15429 and 22101?
417
Calculate the greatest common factor of 10 and 153835.
5
Calculate the greatest common divisor of 704 and 256520.
88
What is the highest common factor of 75 and 40980?
15
What is the highest common divisor of 4950363 and 33?
33
What is the highest common factor of 9773 and 261?
29
Calculate the highest common factor of 6 and 260360.
2
What is the highest common factor of 361 and 10564?
19
Calculate the greatest common factor of 93482 and 344.
86
Calculate the greatest common factor of 1320 and 3434640.
1320
What is the highest common divisor of 1514193 and 3792?
237
Calculate the highest common divisor of 60 and 1350890.
10
What is the highest common factor of 4186729 and 1013?
1013
What is the highest common factor of 330 and 19624?
22
What is the greatest common factor of 5984 and 25568?
544
Calculate the highest common factor of 8928 and 5301.
279
What is the greatest common factor of 395 and 16955?
5
What is the highest common divisor of 146 and 620?
2
Calculate the greatest common factor of 2360043 and 945.
189
Calculate the highest common divisor of 6 and 16674.
6
Calculate the greatest common factor of 62091 and 1701.
9
Calculate the highest common factor of 1815 and 1095.
15
Calculate the greatest common divisor of 31620 and 55676.
124
Calculate the greatest common factor of 1626 and 57994.
542
Calculate the highest common divisor of 117820 and 40.
20
What is the highest common factor of 22078 and 7168?
14
Calculate the highest common divisor of 810 and 3006.
18
What is the greatest common divisor of 46630 and 10?
10
Calculate the greatest common factor of 13218 and 12.
6
What is the greatest common factor of 2973898 and 2?
2
Calculate the highest common factor of 72198 and 62839.
1337
Calculate the greatest common factor of 6912 and 1404.
108
What is the highest common divisor of 159 and 2116767?
159
Calculate the greatest common divisor of 5890 and 5320.
190
What is the highest common divisor of 128925 and 1146?
573
What is the highest common divisor of 278421 and 195?
39
What is the highest common factor of 102550 and 1758?
586
Calculate the greatest common divisor of 85437 and 451.
11
Calculate the highest common factor of 332182 and 1312.
82
What is the greatest common divisor of 57 and 121220?
19
What is the greatest common factor of 11190 and 360?
30
What is the highest common divisor of 54 and 703107?
27
What is the greatest common factor of 972 and 9684?
36
What is the highest common divisor of 17 and 155754?
17
Calculate the greatest common divisor of 5 and 24827.
1
What is the greatest common divisor of 6 and 8850498?
6
Calculate the highest common factor of 1602 and 581081.
89
Calculate the highest common factor of 350 and 3150.
350
Calculate the highest common factor of 731 and 35819.
731
What is the highest common factor of 21463 and 6929?
169
What is the highest common divisor of 21 and 18953487?
21
Calculate the greatest common divisor of 9 and 19566.
9
What is the greatest common divisor of 105712 and 4528?
16
What is the highest common divisor of 213 and 108843?
213
What is the highest common factor of 234 and 570258?
234
What is the highest common factor of 130 and 69368?
26
What is the highest common divisor of 333 and 11211?
111
What is the highest common divisor of 46134 and 36?
18
Calculate the greatest common divisor of 36040 and 3975.
265
Calculate the greatest common divisor of 207 and 37950.
69
Calculate the highest common factor of 61103 and 4816.
301
Calculate the highest common divisor of 76 and 814036.
76
Calculate the highest common divisor of 104 and 7969.
13
Calculate the highest common factor of 4662 and 603.
9
What is the highest common factor of 1369691 and 19?
19
What is the highest common factor of 63576 and 1656?
72
What is the greatest common factor of 70902 and 585?
117
Calculate the greatest common factor of 6014 and 5518.
62
What is the greatest common factor of 36215 and 2?
1
Calculate the highest common factor of 756 and 88.
4
Calculate the greatest common divisor of 40215 and 105.
105
Calculate the greatest common divisor of 12540 and 84.
12
What is the highest common factor of 6 and 166758?
6
What is the greatest common factor of 8360 and 319?
11
What is the greatest common divisor of 48360 and 96?
24
What is the highest common divisor of 23547 and 147628?
167
Calculate the greatest common factor of 1600 and 125.
25
Calculate the highest common factor of 111 and 665334.
111
Calculate the highest common divisor of 1708273 and 146.
73
Calculate the greatest common divisor of 12104 and 79